[INFO] cloning repository https://github.com/jesse996/zhibo_rs
[INFO] running `Command { std: "git" "-c" "credential.helper=" "-c" "credential.helper=/workspace/cargo-home/bin/git-credential-null" "clone" "--bare" "https://github.com/jesse996/zhibo_rs" "/workspace/cache/git-repos/https%3A%2F%2Fgithub.com%2Fjesse996%2Fzhibo_rs", kill_on_drop: false }`
[INFO] [stderr] Cloning into bare repository '/workspace/cache/git-repos/https%3A%2F%2Fgithub.com%2Fjesse996%2Fzhibo_rs'...
[INFO] running `Command { std: "git" "rev-parse" "HEAD", kill_on_drop: false }`
[INFO] [stdout] 39ed0c282da4bf143ba2f24ec912a897d18c6aed
[INFO] building jesse996/zhibo_rs against master#ff34b919075f35a1787659e9c448a34b06bab8de for issue-85264
[INFO] running `Command { std: "git" "clone" "/workspace/cache/git-repos/https%3A%2F%2Fgithub.com%2Fjesse996%2Fzhibo_rs" "/workspace/builds/worker-9/source", kill_on_drop: false }`
[INFO] [stderr] Cloning into '/workspace/builds/worker-9/source'...
[INFO] [stderr] done.
[INFO] validating manifest of git repo https://github.com/jesse996/zhibo_rs on toolchain ff34b919075f35a1787659e9c448a34b06bab8de
[INFO] running `Command { std: "/workspace/cargo-home/bin/cargo" "+ff34b919075f35a1787659e9c448a34b06bab8de" "metadata" "--manifest-path" "Cargo.toml" "--no-deps", kill_on_drop: false }`
[INFO] started tweaking git repo https://github.com/jesse996/zhibo_rs
[INFO] finished tweaking git repo https://github.com/jesse996/zhibo_rs
[INFO] tweaked toml for git repo https://github.com/jesse996/zhibo_rs written to /workspace/builds/worker-9/source/Cargo.toml
[INFO] crate git repo https://github.com/jesse996/zhibo_rs already has a lockfile, it will not be regenerated
[INFO] running `Command { std: "/workspace/cargo-home/bin/cargo" "+ff34b919075f35a1787659e9c448a34b06bab8de" "fetch" "--manifest-path" "Cargo.toml", kill_on_drop: false }`
[INFO] [stderr]     Blocking waiting for file lock on package cache
[INFO] running `Command { std: "docker" "create" "-v" "/var/lib/crater-agent-workspace/builds/worker-9/target:/opt/rustwide/target:rw,Z" "-v" "/var/lib/crater-agent-workspace/builds/worker-9/source:/opt/rustwide/workdir:ro,Z" "-v" "/var/lib/crater-agent-workspace/cargo-home:/opt/rustwide/cargo-home:ro,Z" "-v" "/var/lib/crater-agent-workspace/rustup-home:/opt/rustwide/rustup-home:ro,Z" "-e" "SOURCE_DIR=/opt/rustwide/workdir" "-e" "CARGO_TARGET_DIR=/opt/rustwide/target" "-e" "CARGO_HOME=/opt/rustwide/cargo-home" "-e" "RUSTUP_HOME=/opt/rustwide/rustup-home" "-w" "/opt/rustwide/workdir" "-m" "1610612736" "--user" "0:0" "--network" "none" "ghcr.io/rust-lang/crates-build-env/linux@sha256:20528e8c29e4536546f0102ce88568b16ea7538393a33fcca951030f7af10457" "/opt/rustwide/cargo-home/bin/cargo" "+ff34b919075f35a1787659e9c448a34b06bab8de" "metadata" "--no-deps" "--format-version=1", kill_on_drop: false }`
[INFO] [stdout] 7a5b7d9e72ca61b285440e3f713c50c234fd883cbbcf194fe357c46aec5d3999
[INFO] [stderr] WARNING: Your kernel does not support swap limit capabilities or the cgroup is not mounted. Memory limited without swap.
[INFO] running `Command { std: "docker" "start" "-a" "7a5b7d9e72ca61b285440e3f713c50c234fd883cbbcf194fe357c46aec5d3999", kill_on_drop: false }`
[INFO] running `Command { std: "docker" "inspect" "7a5b7d9e72ca61b285440e3f713c50c234fd883cbbcf194fe357c46aec5d3999", kill_on_drop: false }`
[INFO] running `Command { std: "docker" "rm" "-f" "7a5b7d9e72ca61b285440e3f713c50c234fd883cbbcf194fe357c46aec5d3999", kill_on_drop: false }`
[INFO] [stdout] 7a5b7d9e72ca61b285440e3f713c50c234fd883cbbcf194fe357c46aec5d3999
[INFO] running `Command { std: "docker" "create" "-v" "/var/lib/crater-agent-workspace/builds/worker-9/target:/opt/rustwide/target:rw,Z" "-v" "/var/lib/crater-agent-workspace/builds/worker-9/source:/opt/rustwide/workdir:ro,Z" "-v" "/var/lib/crater-agent-workspace/cargo-home:/opt/rustwide/cargo-home:ro,Z" "-v" "/var/lib/crater-agent-workspace/rustup-home:/opt/rustwide/rustup-home:ro,Z" "-e" "SOURCE_DIR=/opt/rustwide/workdir" "-e" "CARGO_TARGET_DIR=/opt/rustwide/target" "-e" "CARGO_INCREMENTAL=0" "-e" "RUST_BACKTRACE=full" "-e" "RUSTFLAGS=--cap-lints=forbid" "-e" "CARGO_HOME=/opt/rustwide/cargo-home" "-e" "RUSTUP_HOME=/opt/rustwide/rustup-home" "-w" "/opt/rustwide/workdir" "-m" "1610612736" "--user" "0:0" "--network" "none" "ghcr.io/rust-lang/crates-build-env/linux@sha256:20528e8c29e4536546f0102ce88568b16ea7538393a33fcca951030f7af10457" "/opt/rustwide/cargo-home/bin/cargo" "+ff34b919075f35a1787659e9c448a34b06bab8de" "build" "--frozen" "--message-format=json", kill_on_drop: false }`
[INFO] [stdout] 176a0d39364c8cf945bf4e9754221bdcd7e7b16a5164da68bea39e96e54734e6
[INFO] [stderr] WARNING: Your kernel does not support swap limit capabilities or the cgroup is not mounted. Memory limited without swap.
[INFO] running `Command { std: "docker" "start" "-a" "176a0d39364c8cf945bf4e9754221bdcd7e7b16a5164da68bea39e96e54734e6", kill_on_drop: false }`
[INFO] [stderr]    Compiling libc v0.2.93
[INFO] [stderr]    Compiling cfg-if v1.0.0
[INFO] [stderr]    Compiling unicode-xid v0.2.1
[INFO] [stderr]    Compiling autocfg v1.0.1
[INFO] [stderr]    Compiling lazy_static v1.4.0
[INFO] [stderr]    Compiling scopeguard v1.1.0
[INFO] [stderr]    Compiling futures-io v0.3.14
[INFO] [stderr]    Compiling cfg-if v0.1.10
[INFO] [stderr]    Compiling bitflags v1.2.1
[INFO] [stderr]    Compiling pin-project-lite v0.1.12
[INFO] [stderr]    Compiling bytes v0.5.6
[INFO] [stderr]    Compiling convert_case v0.4.0
[INFO] [stderr]    Compiling pin-project-internal v0.4.28
[INFO] [stderr]    Compiling ppv-lite86 v0.2.10
[INFO] [stderr]    Compiling typenum v1.13.0
[INFO] [stderr]    Compiling getrandom v0.1.16
[INFO] [stderr]    Compiling once_cell v1.7.2
[INFO] [stderr]    Compiling const_fn v0.4.6
[INFO] [stderr]    Compiling copyless v0.1.5
[INFO] [stderr]    Compiling either v1.6.1
[INFO] [stderr]    Compiling async-trait v0.1.49
[INFO] [stderr]    Compiling crc32fast v1.2.1
[INFO] [stderr]    Compiling httparse v1.3.6
[INFO] [stderr]    Compiling match_cfg v0.1.0
[INFO] [stderr]    Compiling cpuid-bool v0.1.2
[INFO] [stderr]    Compiling opaque-debug v0.3.0
[INFO] [stderr]    Compiling local-waker v0.1.1
[INFO] [stderr]    Compiling paste v1.0.5
[INFO] [stderr]    Compiling futures-channel v0.3.14
[INFO] [stderr]    Compiling standback v0.2.17
[INFO] [stderr]    Compiling tinyvec v1.2.0
[INFO] [stderr]    Compiling unicode-bidi v0.3.5
[INFO] [stderr]    Compiling generic-array v0.14.4
[INFO] [stderr]    Compiling form_urlencoded v1.0.1
[INFO] [stderr]    Compiling time v0.2.26
[INFO] [stderr]    Compiling cookie v0.14.4
[INFO] [stderr]    Compiling bytestring v1.0.0
[INFO] [stderr]    Compiling ahash v0.7.2
[INFO] [stderr]    Compiling cookie v0.15.0
[INFO] [stderr]    Compiling http v0.2.4
[INFO] [stderr]    Compiling brotli-sys v0.3.2
[INFO] [stderr]    Compiling heck v0.3.2
[INFO] [stderr]    Compiling lru-cache v0.1.2
[INFO] [stderr]    Compiling fxhash v0.2.1
[INFO] [stderr]    Compiling log v0.4.14
[INFO] [stderr]    Compiling instant v0.1.9
[INFO] [stderr]    Compiling proc-macro2 v1.0.26
[INFO] [stderr]    Compiling tracing-core v0.1.17
[INFO] [stderr]    Compiling actix-utils v3.0.0
[INFO] [stderr]    Compiling lock_api v0.4.3
[INFO] [stderr]    Compiling encoding_rs v0.8.28
[INFO] [stderr]    Compiling combine v4.5.2
[INFO] [stderr]    Compiling regex v1.4.5
[INFO] [stderr]    Compiling tokio v1.5.0
[INFO] [stderr]    Compiling indexmap v1.6.2
[INFO] [stderr]    Compiling miniz_oxide v0.4.4
[INFO] [stderr]    Compiling crossbeam-utils v0.8.3
[INFO] [stderr]    Compiling tracing v0.1.25
[INFO] [stderr]    Compiling actix-service v2.0.0
[INFO] [stderr]    Compiling quote v1.0.9
[INFO] [stderr]    Compiling unicode-normalization v0.1.17
[INFO] [stderr]    Compiling syn v1.0.69
[INFO] [stderr]    Compiling signal-hook-registry v1.3.0
[INFO] [stderr]    Compiling parking_lot_core v0.8.3
[INFO] [stderr]    Compiling net2 v0.2.37
[INFO] [stderr]    Compiling iovec v0.1.4
[INFO] [stderr]    Compiling num_cpus v1.13.0
[INFO] [stderr]    Compiling mio v0.7.11
[INFO] [stderr]    Compiling hostname v0.3.1
[INFO] [stderr]    Compiling getrandom v0.2.3
[INFO] [stderr]    Compiling socket2 v0.3.19
[INFO] [stderr]    Compiling socket2 v0.4.0
[INFO] [stderr]    Compiling crossbeam-channel v0.5.1
[INFO] [stderr]    Compiling resolv-conf v0.7.0
[INFO] [stderr]    Compiling flate2 v1.0.20
[INFO] [stderr]    Compiling rand_core v0.5.1
[INFO] [stderr]    Compiling rand_core v0.6.2
[INFO] [stderr]    Compiling parking_lot v0.11.1
[INFO] [stderr]    Compiling threadpool v1.8.1
[INFO] [stderr]    Compiling rand_chacha v0.3.0
[INFO] [stderr]    Compiling mio v0.6.23
[INFO] [stderr]    Compiling rand_chacha v0.2.2
[INFO] [stderr]    Compiling scheduled-thread-pool v0.2.5
[INFO] [stderr]    Compiling idna v0.2.2
[INFO] [stderr]    Compiling r2d2 v0.8.9
[INFO] [stderr]    Compiling rand v0.8.3
[INFO] [stderr]    Compiling rand v0.7.3
[INFO] [stderr]    Compiling block-buffer v0.9.0
[INFO] [stderr]    Compiling digest v0.9.0
[INFO] [stderr]    Compiling sha-1 v0.9.4
[INFO] [stderr]    Compiling url v2.2.1
[INFO] [stderr]    Compiling mio-uds v0.6.8
[INFO] [stderr]    Compiling tokio v0.2.25
[INFO] [stderr]    Compiling brotli2 v0.3.2
[INFO] [stderr]    Compiling tokio-util v0.6.6
[INFO] [stderr]    Compiling actix-codec v0.4.0
[INFO] [stderr]    Compiling tokio-util v0.3.1
[INFO] [stderr]    Compiling futures-macro v0.3.14
[INFO] [stderr]    Compiling derive_more v0.99.13
[INFO] [stderr]    Compiling serde_derive v1.0.125
[INFO] [stderr]    Compiling time-macros-impl v0.1.1
[INFO] [stderr]    Compiling actix-macros v0.1.3
[INFO] [stderr]    Compiling pin-project-internal v1.0.6
[INFO] [stderr]    Compiling thiserror-impl v1.0.24
[INFO] [stderr]    Compiling enum-as-inner v0.3.3
[INFO] [stderr]    Compiling actix-macros v0.2.0
[INFO] [stderr]    Compiling actix-web-codegen v0.4.0
[INFO] [stderr]    Compiling actix-web-codegen v0.5.0-beta.2
[INFO] [stderr]    Compiling actix_derive v0.6.0
[INFO] [stderr]    Compiling actix-rt v2.2.0
[INFO] [stderr]    Compiling time-macros v0.1.1
[INFO] [stderr]    Compiling actix-server v2.0.0-beta.5
[INFO] [stderr]    Compiling futures-util v0.3.14
[INFO] [stderr]    Compiling redis v0.20.0
[INFO] [stderr]    Compiling thiserror v1.0.24
[INFO] [stderr]    Compiling pin-project v1.0.6
[INFO] [stderr]    Compiling tracing-futures v0.2.5
[INFO] [stderr]    Compiling pin-project v0.4.28
[INFO] [stderr]    Compiling actix-codec v0.3.0
[INFO] [stderr]    Compiling actix-threadpool v0.3.3
[INFO] [stderr]    Compiling actix-tls v3.0.0-beta.5
[INFO] [stderr]    Compiling actix-service v1.0.6
[INFO] [stderr]    Compiling actix-rt v1.1.1
[INFO] [stderr]    Compiling futures v0.3.14
[INFO] [stderr]    Compiling h2 v0.2.7
[INFO] [stderr]    Compiling local-channel v0.1.2
[INFO] [stderr]    Compiling h2 v0.3.3
[INFO] [stderr]    Compiling actix v0.11.1
[INFO] [stderr]    Compiling trust-dns-proto v0.19.7
[INFO] [stderr]    Compiling actix-utils v2.0.0
[INFO] [stderr]    Compiling serde v1.0.125
[INFO] [stderr]    Compiling actix-server v1.0.4
[INFO] [stderr]    Compiling actix-tls v2.0.0
[INFO] [stderr]    Compiling actix-testing v1.0.1
[INFO] [stderr]    Compiling trust-dns-resolver v0.19.7
[INFO] [stderr]    Compiling actix-connect v2.0.0
[INFO] [stderr]    Compiling serde_json v1.0.64
[INFO] [stderr]    Compiling serde_urlencoded v0.7.0
[INFO] [stderr]    Compiling actix-router v0.2.7
[INFO] [stderr]    Compiling actix-http v3.0.0-beta.6
[INFO] [stderr]    Compiling actix-http v2.2.0
[INFO] [stderr]    Compiling actix-web v4.0.0-beta.6
[INFO] [stderr]    Compiling awc v2.0.3
[INFO] [stderr]    Compiling actix-web v3.3.2
[INFO] [stderr]    Compiling actix-cors v0.5.4
[INFO] [stderr]    Compiling zhibo_rs v0.1.0 (/opt/rustwide/workdir)
[INFO] [stdout] error[E0432]: unresolved import `actix_web::client`
[INFO] [stdout]  --> src/service/douyu_service.rs:7:16
[INFO] [stdout]   |
[INFO] [stdout] 7 | use actix_web::client::ClientResponse;
[INFO] [stdout]   |                ^^^^^^ could not find `client` in `actix_web`
[INFO] [stdout] 
[INFO] [stdout] 
[INFO] [stdout] error[E0532]: expected tuple struct or tuple variant, found struct `web::Path`
[INFO] [stdout]   --> src/controller/douyu_controller.rs:48:27
[INFO] [stdout]    |
[INFO] [stdout] 48 | pub async fn get_play_url(web::Path(rid): web::Path<String>) -> impl Responder {
[INFO] [stdout]    |                           ^^^^^^^^^^^^^^ help: use struct pattern syntax instead: `web::Path { 0 }`
[INFO] [stdout]    | 
[INFO] [stdout]   ::: /opt/rustwide/cargo-home/registry/src/github.com-1ecc6299db9ec823/actix-web-4.0.0-beta.6/src/types/path.rs:49:1
[INFO] [stdout]    |
[INFO] [stdout] 49 | pub struct Path<T>(T);
[INFO] [stdout]    | ---------------------- `web::Path` defined here
[INFO] [stdout] 
[INFO] [stdout] 
[INFO] [stdout] warning: unused imports: `HttpResponse`, `Responder`, `get`, `http`, `post`, `web`
[INFO] [stdout]  --> src/main.rs:1:17
[INFO] [stdout]   |
[INFO] [stdout] 1 | use actix_web::{get, middleware, post, web, App, http, HttpResponse, HttpServer, Responder};
[INFO] [stdout]   |                 ^^^              ^^^^  ^^^       ^^^^  ^^^^^^^^^^^^              ^^^^^^^^^
[INFO] [stdout]   |
[INFO] [stdout]   = note: `#[warn(unused_imports)]` on by default
[INFO] [stdout] 
[INFO] [stdout] 
[INFO] [stdout] warning: unused import: `actix::prelude::*`
[INFO] [stdout]  --> src/main.rs:4:5
[INFO] [stdout]   |
[INFO] [stdout] 4 | use actix::prelude::*;
[INFO] [stdout]   |     ^^^^^^^^^^^^^^^^^
[INFO] [stdout] 
[INFO] [stdout] 
[INFO] [stdout] warning: unused import: `Error`
[INFO] [stdout]  --> src/service/douyu_service.rs:3:22
[INFO] [stdout]   |
[INFO] [stdout] 3 | use anyhow::{Result, Error, anyhow};
[INFO] [stdout]   |                      ^^^^^
[INFO] [stdout] 
[INFO] [stdout] 
[INFO] [stdout] warning: unused imports: `PayloadStream`, `Payload`
[INFO] [stdout]  --> src/service/douyu_service.rs:8:22
[INFO] [stdout]   |
[INFO] [stdout] 8 | use actix_web::dev::{PayloadStream, Payload};
[INFO] [stdout]   |                      ^^^^^^^^^^^^^  ^^^^^^^
[INFO] [stdout] 
[INFO] [stdout] 
[INFO] [stdout] warning: unused import: `std::pin::Pin`
[INFO] [stdout]   --> src/service/douyu_service.rs:10:5
[INFO] [stdout]    |
[INFO] [stdout] 10 | use std::pin::Pin;
[INFO] [stdout]    |     ^^^^^^^^^^^^^
[INFO] [stdout] 
[INFO] [stdout] 
[INFO] [stdout] warning: unused import: `Deserialize`
[INFO] [stdout]  --> src/common/common_result.rs:1:13
[INFO] [stdout]   |
[INFO] [stdout] 1 | use serde::{Deserialize, Serialize};
[INFO] [stdout]   |             ^^^^^^^^^^^
[INFO] [stdout] 
[INFO] [stdout] 
[INFO] [stdout] warning: variable does not need to be mutable
[INFO] [stdout]   --> src/service/douyu_service.rs:14:9
[INFO] [stdout]    |
[INFO] [stdout] 14 |     let mut con = client.get_connection()?;
[INFO] [stdout]    |         ----^^^
[INFO] [stdout]    |         |
[INFO] [stdout]    |         help: remove this `mut`
[INFO] [stdout]    |
[INFO] [stdout]    = note: `#[warn(unused_mut)]` on by default
[INFO] [stdout] 
[INFO] [stdout] 
[INFO] [stdout] warning: variable does not need to be mutable
[INFO] [stdout]   --> src/service/douyu_service.rs:58:9
[INFO] [stdout]    |
[INFO] [stdout] 58 |     let mut result =
[INFO] [stdout]    |         ----^^^^^^
[INFO] [stdout]    |         |
[INFO] [stdout]    |         help: remove this `mut`
[INFO] [stdout] 
[INFO] [stdout] 
[INFO] [stdout] error[E0277]: the trait bound `Cors: Transform<<impl actix_service::ServiceFactory<ServiceRequest> as actix_service::ServiceFactory<ServiceRequest>>::Service, ServiceRequest>` is not satisfied
[INFO] [stdout]   --> src/main.rs:22:19
[INFO] [stdout]    |
[INFO] [stdout] 22 |             .wrap(cors)
[INFO] [stdout]    |                   ^^^^ the trait `Transform<<impl actix_service::ServiceFactory<ServiceRequest> as actix_service::ServiceFactory<ServiceRequest>>::Service, ServiceRequest>` is not implemented for `Cors`
[INFO] [stdout] 
[INFO] [stdout] 
[INFO] [stdout] error: aborting due to 3 previous errors; 8 warnings emitted
[INFO] [stdout] 
[INFO] [stdout] 
[INFO] [stdout] Some errors have detailed explanations: E0277, E0432, E0532.
[INFO] [stdout] 
[INFO] [stdout] For more information about an error, try `rustc --explain E0277`.
[INFO] [stdout] 
[INFO] [stderr] error: could not compile `zhibo_rs`
[INFO] [stderr] 
[INFO] [stderr] To learn more, run the command again with --verbose.
[INFO] running `Command { std: "docker" "inspect" "176a0d39364c8cf945bf4e9754221bdcd7e7b16a5164da68bea39e96e54734e6", kill_on_drop: false }`
[INFO] running `Command { std: "docker" "rm" "-f" "176a0d39364c8cf945bf4e9754221bdcd7e7b16a5164da68bea39e96e54734e6", kill_on_drop: false }`
[INFO] [stdout] 176a0d39364c8cf945bf4e9754221bdcd7e7b16a5164da68bea39e96e54734e6
